{"id":522,"date":"2023-06-10T00:29:48","date_gmt":"2023-06-09T22:29:48","guid":{"rendered":"https:\/\/coreed.ch\/?page_id=522"},"modified":"2023-07-31T10:31:20","modified_gmt":"2023-07-31T08:31:20","slug":"kirchgemeinden","status":"publish","type":"page","link":"https:\/\/coreed.ch\/index.php\/kirchgemeinden\/","title":{"rendered":"Kirchgemeinden\/Sponsoren"},"content":{"rendered":"\n<div class=\"wp-block-group has-global-padding is-layout-constrained wp-block-group-is-layout-constrained\">\n<div class=\"wp-block-group is-vertical is-content-justification-stretch is-layout-flex wp-container-core-group-is-layout-353c4f5a wp-block-group-is-layout-flex\">\n<p>COREED sucht Kirchgemeinden und Pfarreien sowie Sponsoren , welche die Aufbauarbeit in Indien f\u00fcr drei, f\u00fcnf oder mehr Jahre zu ihrer Sache machen. Die Zusage eines j\u00e4hrlichen Beitrags, sei er gross oder klein, hilft, dass die kontinuierliche Aufbauarbeit weitergehen kann:<br>&#8211; die vierzehnt\u00e4glichen Besuche der mobilen \u00c4rzteequipe in den D\u00f6rfern<br>&#8211; der t\u00e4gliche St\u00fctzunterricht der Schulkinder<br>&#8211; die Berufsbildungskurse, die jungen M\u00e4nnern und Frauen helfen, auf eigene Beine zu stehen.<br>Nach Wunsch senden wir Ihnen mehr Information oder besuchen Anl\u00e4sse in Ihrer Gemeinde, um \u00fcber die Arbeit von COREED zu berichten.<\/p>\n\n\n\n<div class=\"wp-block-group has-global-padding is-layout-constrained wp-block-group-is-layout-constrained\">\n<div class=\"wp-block-group alignfull has-global-padding is-layout-constrained wp-block-group-is-layout-constrained\">\n<div class=\"wp-block-group alignfull is-content-justification-center is-nowrap is-layout-flex wp-container-core-group-is-layout-23441af8 wp-block-group-is-layout-flex\">\n<div class=\"wp-block-group has-global-padding is-layout-constrained wp-block-group-is-layout-constrained\">\n<div class=\"wp-block-group is-nowrap is-layout-flex wp-container-core-group-is-layout-6c531013 wp-block-group-is-layout-flex\">\n<p class=\"has-vivid-red-color has-text-color\">Weitere Ausk\u00fcnfte durch:<\/p>\n\n\n\n<div class=\"wp-block-group has-global-padding is-layout-constrained wp-block-group-is-layout-constrained\">\n<div class=\"wp-block-group has-global-padding is-layout-constrained wp-block-group-is-layout-constrained\">\n<div class=\"wp-block-group has-global-padding is-layout-constrained wp-block-group-is-layout-constrained\">\n<div class=\"wp-block-group is-nowrap is-layout-flex wp-container-core-group-is-layout-bd3f9bef wp-block-group-is-layout-flex\">\n<div class=\"wp-block-group is-nowrap is-layout-flex wp-container-core-group-is-layout-6c531013 wp-block-group-is-layout-flex\">\n<div class=\"wp-block-group is-content-justification-center is-nowrap is-layout-flex wp-container-core-group-is-layout-23441af8 wp-block-group-is-layout-flex\">\n<div class=\"wp-block-group is-content-justification-center is-nowrap is-layout-flex wp-container-core-group-is-layout-23441af8 wp-block-group-is-layout-flex\">\n<div class=\"wp-block-group is-nowrap is-layout-flex wp-container-core-group-is-layout-f66f9956 wp-block-group-is-layout-flex\">\n<div class=\"wp-block-columns is-layout-flex wp-container-core-columns-is-layout-28f84493 wp-block-columns-is-layout-flex\">\n<div class=\"wp-block-column is-layout-flow wp-block-column-is-layout-flow\" style=\"flex-basis:100%\">\n<figure class=\"wp-block-image aligncenter size-full\"><img loading=\"lazy\" decoding=\"async\" width=\"198\" height=\"210\" src=\"https:\/\/coreed.ch\/wp-content\/uploads\/2023\/07\/DD-2022_klein.jpg\" alt=\"\" class=\"wp-image-1466\"\/><figcaption class=\"wp-element-caption\"><strong>Dorothee Degen-<br>Zimmermann<br>044 363 03 93<\/strong><\/figcaption><\/figure>\n<\/div>\n<\/div>\n\n\n\n<div class=\"wp-block-group is-nowrap is-layout-flex wp-container-core-group-is-layout-6c531013 wp-block-group-is-layout-flex\"><\/div>\n\n\n\n<div class=\"wp-block-group has-global-padding is-layout-constrained wp-block-group-is-layout-constrained\">\n<figure class=\"wp-block-image aligncenter size-full is-resized\"><img decoding=\"async\" src=\"https:\/\/coreed.ch\/wp-content\/uploads\/2023\/07\/edith-1.jpg\" alt=\"\" class=\"wp-image-1386\" height=\"211\"\/><figcaption class=\"wp-element-caption\">  <strong>Edith Heiniger<br>  052 720 25 28<\/strong><br><\/figcaption><\/figure>\n<\/div>\n<\/div>\n<\/div>\n<\/div>\n<\/div>\n<\/div>\n<\/div>\n<\/div>\n<\/div>\n<\/div>\n<\/div>\n<\/div>\n<\/div>\n<\/div>\n<\/div>\n\n\n\n<p class=\"has-text-align-center has-vivid-red-color has-text-color\"><a href=\"mailto: info@coreed.ch\" data-type=\"mailto\" data-id=\"mailto: info@coreed.ch\">Mail: info@coreed.ch<\/a><\/p>\n<\/div>\n\n\n\n<p><a href=\"https:\/\/coreed.ch\/index.php\" data-type=\"URL\" data-id=\"https:\/\/coreed.ch\/index.php\"><strong>Zur\u00fcck<\/strong><\/a><\/p>\n","protected":false},"excerpt":{"rendered":"<p>COREED sucht Kirchgemeinden und Pfarreien sowie Sponsoren , welche die Aufbauarbeit in Indien f\u00fcr drei, f\u00fcnf oder mehr Jahre zu ihrer Sache machen. Die Zusage eines j\u00e4hrlichen Beitrags, sei er gross oder klein, hilft, dass die kontinuierliche Aufbauarbeit weitergehen kann:&#8211; die vierzehnt\u00e4glichen Besuche der mobilen \u00c4rzteequipe in den D\u00f6rfern&#8211; der t\u00e4gliche St\u00fctzunterricht der Schulkinder&#8211; die [&hellip;]<\/p>\n","protected":false},"author":1,"featured_media":0,"parent":0,"menu_order":0,"comment_status":"closed","ping_status":"closed","template":"","meta":{"footnotes":""},"class_list":["post-522","page","type-page","status-publish","hentry"],"_links":{"self":[{"href":"https:\/\/coreed.ch\/index.php\/wp-json\/wp\/v2\/pages\/522","targetHints":{"allow":["GET"]}}],"collection":[{"href":"https:\/\/coreed.ch\/index.php\/wp-json\/wp\/v2\/pages"}],"about":[{"href":"https:\/\/coreed.ch\/index.php\/wp-json\/wp\/v2\/types\/page"}],"author":[{"embeddable":true,"href":"https:\/\/coreed.ch\/index.php\/wp-json\/wp\/v2\/users\/1"}],"replies":[{"embeddable":true,"href":"https:\/\/coreed.ch\/index.php\/wp-json\/wp\/v2\/comments?post=522"}],"version-history":[{"count":4,"href":"https:\/\/coreed.ch\/index.php\/wp-json\/wp\/v2\/pages\/522\/revisions"}],"predecessor-version":[{"id":1478,"href":"https:\/\/coreed.ch\/index.php\/wp-json\/wp\/v2\/pages\/522\/revisions\/1478"}],"wp:attachment":[{"href":"https:\/\/coreed.ch\/index.php\/wp-json\/wp\/v2\/media?parent=522"}],"curies":[{"name":"wp","href":"https:\/\/api.w.org\/{rel}","templated":true}]}}

<div class="wp-block-group has-global-padding is-layout-constrained wp-block-group-is-layout-constrained">
<div class="wp-block-group is-vertical is-content-justification-stretch is-layout-flex wp-container-core-group-is-layout-353c4f5a wp-block-group-is-layout-flex">
<p>COREED sucht Kirchgemeinden und Pfarreien sowie Sponsoren , welche die Aufbauarbeit in Indien für drei, fünf oder mehr Jahre zu ihrer Sache machen. Die Zusage eines jährlichen Beitrags, sei er gross oder klein, hilft, dass die kontinuierliche Aufbauarbeit weitergehen kann:<br>&#8211; die vierzehntäglichen Besuche der mobilen Ärzteequipe in den Dörfern<br>&#8211; der tägliche Stützunterricht der Schulkinder<br>&#8211; die Berufsbildungskurse, die jungen Männern und Frauen helfen, auf eigene Beine zu stehen.<br>Nach Wunsch senden wir Ihnen mehr Information oder besuchen Anlässe in Ihrer Gemeinde, um über die Arbeit von COREED zu berichten.</p>



<div class="wp-block-group has-global-padding is-layout-constrained wp-block-group-is-layout-constrained">
<div class="wp-block-group alignfull has-global-padding is-layout-constrained wp-block-group-is-layout-constrained">
<div class="wp-block-group alignfull is-content-justification-center is-nowrap is-layout-flex wp-container-core-group-is-layout-23441af8 wp-block-group-is-layout-flex">
<div class="wp-block-group has-global-padding is-layout-constrained wp-block-group-is-layout-constrained">
<div class="wp-block-group is-nowrap is-layout-flex wp-container-core-group-is-layout-6c531013 wp-block-group-is-layout-flex">
<p class="has-vivid-red-color has-text-color">Weitere Auskünfte durch:</p>



<div class="wp-block-group has-global-padding is-layout-constrained wp-block-group-is-layout-constrained">
<div class="wp-block-group has-global-padding is-layout-constrained wp-block-group-is-layout-constrained">
<div class="wp-block-group has-global-padding is-layout-constrained wp-block-group-is-layout-constrained">
<div class="wp-block-group is-nowrap is-layout-flex wp-container-core-group-is-layout-bd3f9bef wp-block-group-is-layout-flex">
<div class="wp-block-group is-nowrap is-layout-flex wp-container-core-group-is-layout-6c531013 wp-block-group-is-layout-flex">
<div class="wp-block-group is-content-justification-center is-nowrap is-layout-flex wp-container-core-group-is-layout-23441af8 wp-block-group-is-layout-flex">
<div class="wp-block-group is-content-justification-center is-nowrap is-layout-flex wp-container-core-group-is-layout-23441af8 wp-block-group-is-layout-flex">
<div class="wp-block-group is-nowrap is-layout-flex wp-container-core-group-is-layout-f66f9956 wp-block-group-is-layout-flex">
<div class="wp-block-columns is-layout-flex wp-container-core-columns-is-layout-28f84493 wp-block-columns-is-layout-flex">
<div class="wp-block-column is-layout-flow wp-block-column-is-layout-flow" style="flex-basis:100%">
<figure class="wp-block-image aligncenter size-full"><img loading="lazy" decoding="async" width="198" height="210" src="https://coreed.ch/wp-content/uploads/2023/07/DD-2022_klein.jpg" alt="" class="wp-image-1466"/><figcaption class="wp-element-caption"><strong>Dorothee Degen-<br>Zimmermann<br>044 363 03 93</strong></figcaption></figure>
</div>
</div>



<div class="wp-block-group is-nowrap is-layout-flex wp-container-core-group-is-layout-6c531013 wp-block-group-is-layout-flex"></div>



<div class="wp-block-group has-global-padding is-layout-constrained wp-block-group-is-layout-constrained">
<figure class="wp-block-image aligncenter size-full is-resized"><img decoding="async" src="https://coreed.ch/wp-content/uploads/2023/07/edith-1.jpg" alt="" class="wp-image-1386" height="211"/><figcaption class="wp-element-caption">  <strong>Edith Heiniger<br>  052 720 25 28</strong><br></figcaption></figure>
</div>
</div>
</div>
</div>
</div>
</div>
</div>
</div>
</div>
</div>
</div>
</div>
</div>
</div>
</div>



<p class="has-text-align-center has-vivid-red-color has-text-color"><a href="mailto: info@coreed.ch" data-type="mailto" data-id="mailto: info@coreed.ch">Mail: info@coreed.ch</a></p>
</div>



<p><a href="https://coreed.ch/index.php" data-type="URL" data-id="https://coreed.ch/index.php"><strong>Zurück</strong></a></p>

<p>COREED sucht Kirchgemeinden und Pfarreien sowie Sponsoren , welche die Aufbauarbeit in Indien für drei, fünf oder mehr Jahre zu ihrer Sache machen. Die Zusage eines jährlichen Beitrags, sei er gross oder klein, hilft, dass die kontinuierliche Aufbauarbeit weitergehen kann:&#8211; die vierzehntäglichen Besuche der mobilen Ärzteequipe in den Dörfern&#8211; der tägliche Stützunterricht der Schulkinder&#8211; die [&hellip;]</p>
