{"id":298,"date":"2023-06-03T14:40:23","date_gmt":"2023-06-03T12:40:23","guid":{"rendered":"https:\/\/coreed.ch\/?page_id=298"},"modified":"2023-07-08T07:13:42","modified_gmt":"2023-07-08T05:13:42","slug":"katastrophen","status":"publish","type":"page","link":"https:\/\/coreed.ch\/index.php\/katastrophen\/","title":{"rendered":"Katastrophen Nothilfe"},"content":{"rendered":"\n<p class=\"has-text-align-center\"><strong>\u00dcberlebenshilfe nach Wirbelst\u00fcrmen, bei \u00dcberschwemmungen, in der Corona-Pandemie<\/strong><\/p>\n\n\n\n<p class=\"has-text-align-center has-secondary-color has-text-color\">Wenn ein Zyklon die Ostk\u00fcste von S\u00fcdindien heimsucht, D\u00f6rfer \u00fcberschwemmt und H\u00e4user zerst\u00f6rt, verlieren die Menschen in den D\u00f6rfern das Wenige, das sie haben. Von der Regierung werden die Adivasi oft \u201evergessen\u201c. COREED steht ihnen bei mit Trinkwasser, Nahrungsmitteln und medizinischer Hilfe. \u2013 In der Corona-Pandemie war COREED zur Stelle mit Schutzmassnahmen, Aufkl\u00e4rung, Impfungen und medizinischer Hilfe.<\/p>\n\n\n\n<p><a href=\"https:\/\/coreed.ch\/index.php\/#nothilfe\" data-type=\"URL\" data-id=\"https:\/\/coreed.ch\/index.php\/#nothilfe\"><strong>Zur\u00fcck<\/strong><\/a><\/p>\n","protected":false},"excerpt":{"rendered":"<p>\u00dcberlebenshilfe nach Wirbelst\u00fcrmen, bei \u00dcberschwemmungen, in der Corona-Pandemie Wenn ein Zyklon die Ostk\u00fcste von S\u00fcdindien heimsucht, D\u00f6rfer \u00fcberschwemmt und H\u00e4user zerst\u00f6rt, verlieren die Menschen in den D\u00f6rfern das Wenige, das sie haben. Von der Regierung werden die Adivasi oft \u201evergessen\u201c. COREED steht ihnen bei mit Trinkwasser, Nahrungsmitteln und medizinischer Hilfe. \u2013 In der Corona-Pandemie war [&hellip;]<\/p>\n","protected":false},"author":1,"featured_media":0,"parent":0,"menu_order":0,"comment_status":"closed","ping_status":"closed","template":"","meta":{"footnotes":""},"class_list":["post-298","page","type-page","status-publish","hentry"],"_links":{"self":[{"href":"https:\/\/coreed.ch\/index.php\/wp-json\/wp\/v2\/pages\/298","targetHints":{"allow":["GET"]}}],"collection":[{"href":"https:\/\/coreed.ch\/index.php\/wp-json\/wp\/v2\/pages"}],"about":[{"href":"https:\/\/coreed.ch\/index.php\/wp-json\/wp\/v2\/types\/page"}],"author":[{"embeddable":true,"href":"https:\/\/coreed.ch\/index.php\/wp-json\/wp\/v2\/users\/1"}],"replies":[{"embeddable":true,"href":"https:\/\/coreed.ch\/index.php\/wp-json\/wp\/v2\/comments?post=298"}],"version-history":[{"count":1,"href":"https:\/\/coreed.ch\/index.php\/wp-json\/wp\/v2\/pages\/298\/revisions"}],"predecessor-version":[{"id":1414,"href":"https:\/\/coreed.ch\/index.php\/wp-json\/wp\/v2\/pages\/298\/revisions\/1414"}],"wp:attachment":[{"href":"https:\/\/coreed.ch\/index.php\/wp-json\/wp\/v2\/media?parent=298"}],"curies":[{"name":"wp","href":"https:\/\/api.w.org\/{rel}","templated":true}]}}