{"id":291,"date":"2023-06-03T12:35:02","date_gmt":"2023-06-03T10:35:02","guid":{"rendered":"https:\/\/coreed.ch\/?page_id=291"},"modified":"2023-07-04T22:45:31","modified_gmt":"2023-07-04T20:45:31","slug":"gesundheitsdienste","status":"publish","type":"page","link":"https:\/\/coreed.ch\/index.php\/gesundheitsdienste\/","title":{"rendered":"Gesundheits Dienste"},"content":{"rendered":"\n<p class=\"has-text-align-center has-secondary-color has-text-color\"><strong>Ambulante Basismedizin fernab von staatlichen Kliniken rettet Leben<\/strong><\/p>\n\n\n\n<p class=\"has-text-align-center has-secondary-color has-text-color\">Wer krank ist, kann nicht arbeiten. Wenn Mutter oder Vater nicht arbeiten kann, haben die Kinder Hunger. \u2013 Eine medizinische Equipe besucht vierzehnt\u00e4glich die dreissig D\u00f6rfer und h\u00e4lt Sprechstunde im Freien. Einmal j\u00e4hrlich f\u00fchrt COREED Kampagnen mit Spezial\u00e4rztinnen\/\u00c4rzten f\u00fcr Kinderheilkunde, Augenheilkunde und Gyn\u00e4kologie durch.<\/p>\n\n\n\n<p class=\"has-secondary-color has-text-color\"><a href=\"https:\/\/coreed.ch\/index.php\/#gesundheit\" data-type=\"URL\" data-id=\"https:\/\/coreed.ch\/index.php\/#gesundheit\"><strong>Zur\u00fcck<\/strong><\/a><\/p>\n","protected":false},"excerpt":{"rendered":"<p>Ambulante Basismedizin fernab von staatlichen Kliniken rettet Leben Wer krank ist, kann nicht arbeiten. Wenn Mutter oder Vater nicht arbeiten kann, haben die Kinder Hunger. \u2013 Eine medizinische Equipe besucht vierzehnt\u00e4glich die dreissig D\u00f6rfer und h\u00e4lt Sprechstunde im Freien. Einmal j\u00e4hrlich f\u00fchrt COREED Kampagnen mit Spezial\u00e4rztinnen\/\u00c4rzten f\u00fcr Kinderheilkunde, Augenheilkunde und Gyn\u00e4kologie durch. Zur\u00fcck<\/p>\n","protected":false},"author":1,"featured_media":0,"parent":0,"menu_order":0,"comment_status":"closed","ping_status":"closed","template":"","meta":{"footnotes":""},"class_list":["post-291","page","type-page","status-publish","hentry"],"_links":{"self":[{"href":"https:\/\/coreed.ch\/index.php\/wp-json\/wp\/v2\/pages\/291","targetHints":{"allow":["GET"]}}],"collection":[{"href":"https:\/\/coreed.ch\/index.php\/wp-json\/wp\/v2\/pages"}],"about":[{"href":"https:\/\/coreed.ch\/index.php\/wp-json\/wp\/v2\/types\/page"}],"author":[{"embeddable":true,"href":"https:\/\/coreed.ch\/index.php\/wp-json\/wp\/v2\/users\/1"}],"replies":[{"embeddable":true,"href":"https:\/\/coreed.ch\/index.php\/wp-json\/wp\/v2\/comments?post=291"}],"version-history":[{"count":0,"href":"https:\/\/coreed.ch\/index.php\/wp-json\/wp\/v2\/pages\/291\/revisions"}],"wp:attachment":[{"href":"https:\/\/coreed.ch\/index.php\/wp-json\/wp\/v2\/media?parent=291"}],"curies":[{"name":"wp","href":"https:\/\/api.w.org\/{rel}","templated":true}]}}