{"id":111,"date":"2023-06-01T13:31:26","date_gmt":"2023-06-01T11:31:26","guid":{"rendered":"https:\/\/coreed.ch\/?page_id=111"},"modified":"2024-07-12T12:07:33","modified_gmt":"2024-07-12T10:07:33","slug":"geschichte","status":"publish","type":"page","link":"https:\/\/coreed.ch\/index.php\/geschichte\/","title":{"rendered":"COREED"},"content":{"rendered":"\n<p class=\"has-text-align-center has-large-font-size\"><strong>Wie alles angefangen hat<\/strong><\/p>\n\n\n\n<div class=\"wp-block-columns is-layout-flex wp-container-core-columns-is-layout-28f84493 wp-block-columns-is-layout-flex\">\n<div class=\"wp-block-column is-vertically-aligned-center is-layout-flow wp-block-column-is-layout-flow\" style=\"flex-basis:80%\">\n<p class=\"has-small-font-size\">Joseph Ravela, der Gr\u00fcnder von COREED, weiss, was Diskriminierung ist: Er wurde als Dalit geboren. Er hat aber auch erlebt, dass gute Schulbildung einen Ausweg aus der Unterdr\u00fcckung er\u00f6ffnet. Er konnte eine christliche Missionsschule besuchen und studierte danach Theologie. Er wurde Baptistenpastor und Theologieprofessor am renommierten \u00f6kumenischen Andhra Christian Theological College ACTC in Hyderabad.<\/p>\n<\/div>\n\n\n\n<div class=\"wp-block-column is-vertically-aligned-center is-layout-flow wp-block-column-is-layout-flow\" style=\"flex-basis:20%\">\n<figure class=\"wp-block-image aligncenter size-full\"><img loading=\"lazy\" decoding=\"async\" width=\"140\" height=\"160\" src=\"https:\/\/coreed.ch\/wp-content\/uploads\/2023\/07\/ravela.png\" alt=\"\" class=\"wp-image-1353\"\/><\/figure>\n<\/div>\n<\/div>\n\n\n\n<p>1987 gr\u00fcndete er das Hilfswerk COREED, um Dalit-Kindern, wie er eines war, eine Chance zu geben. Das fing bei besserer Schulbildung der Kinder an und f\u00fchrte sp\u00e4ter zu umfassender Entwicklungsarbeit. 1989 wurde COREED ein eingetragener Verein \u2013 ein Meilenstein f\u00fcr die weitere Entwicklung des Hilfswerks, denn so bekam es eine rechtliche Form mit Statuten, einem Vorstand, einer Generalversammlung. Und mit einem Bankkonto, das Zahlungen aus dem Ausland entgegennehmen durfte.<\/p>\n\n\n\n<p>Am 12. April 2024 ist Rev. Dr. Joseph Ravela im Alter von 93 Jahren gestorben. Er hinterl\u00e4sst ein Werk das Tausenden von Kindern eine bessere Zukunft erm\u00f6glicht hat.<\/p>\n\n\n\n<div class=\"wp-block-columns is-layout-flex wp-container-core-columns-is-layout-28f84493 wp-block-columns-is-layout-flex\">\n<div class=\"wp-block-column is-layout-flow wp-block-column-is-layout-flow\" style=\"flex-basis:80%\">\n<p>L\u00e4ngst hat Josephs Sohn, Rev. Jaya Paul,  mit seiner Frau Rosy Viola Gandham, die Leitung von COREED \u00fcbernommen. Ziel war und ist es, in den abgelegenen D\u00f6rfern der&nbsp;<a href=\"https:\/\/de.wikipedia.org\/wiki\/Dalit\" data-type=\"URL\" data-id=\"https:\/\/de.wikipedia.org\/wiki\/Dalit\">Dalit<\/a>&nbsp;und <a href=\"https:\/\/de.wikipedia.org\/wiki\/Adivasi\" data-type=\"URL\" data-id=\"https:\/\/de.wikipedia.org\/wiki\/Adivasi\">Adivasi<\/a> gerechtere soziale Strukturen aufzubauen. \u00dcber 150 D\u00f6rfer in <a href=\"https:\/\/coreed.ch\/index.php\/einsatzgebiet\" data-type=\"URL\" data-id=\"https:\/\/coreed.ch\/index.php\/einsatzgebiet\">Andhra Pradesh<\/a> haben \u00fcber k\u00fcrzere oder l\u00e4ngere Zeit von den Programmen von COREED profitiert. Nach wie vor f\u00f6rdern die angestellten und freiwilligen COREED-Mitarbeitenden Kinder und Erwachsene. Tausende haben so vom absoluten Nullpunkt aus ihren Weg gemacht und einen Platz in der Gesellschaft gefunden. Dalit (Kastenlose) und Adivasi (indische Ureinwohner) bilden die unterste Schicht \u2013 ca. 14 Prozent \u2013 der indischen Bev\u00f6lkerung. Vgl.&nbsp;<a href=\"https:\/\/coreed.ch\/index.php\/Kastenwesen\" data-type=\"URL\" data-id=\"https:\/\/coreed.ch\/index.php\/Kastenwesen\">Kastenwesen<\/a>.<\/p>\n<\/div>\n\n\n\n<div class=\"wp-block-column is-layout-flow wp-block-column-is-layout-flow\" style=\"flex-basis:50%\">\n<figure class=\"wp-block-image aligncenter size-full\"><img loading=\"lazy\" decoding=\"async\" width=\"200\" height=\"192\" src=\"https:\/\/coreed.ch\/wp-content\/uploads\/2023\/07\/grunder.png\" alt=\"\" class=\"wp-image-1354\"\/><\/figure>\n<\/div>\n<\/div>\n\n\n\n<p><a href=\"https:\/\/coreed.ch\/index.php\" data-type=\"URL\" data-id=\"https:\/\/coreed.ch\/index.php\"><strong>Zur\u00fcck<\/strong><\/a><\/p>\n","protected":false},"excerpt":{"rendered":"<p>Wie alles angefangen hat Joseph Ravela, der Gr\u00fcnder von COREED, weiss, was Diskriminierung ist: Er wurde als Dalit geboren. Er hat aber auch erlebt, dass gute Schulbildung einen Ausweg aus der Unterdr\u00fcckung er\u00f6ffnet. Er konnte eine christliche Missionsschule besuchen und studierte danach Theologie. Er wurde Baptistenpastor und Theologieprofessor am renommierten \u00f6kumenischen Andhra Christian Theological College [&hellip;]<\/p>\n","protected":false},"author":1,"featured_media":0,"parent":0,"menu_order":0,"comment_status":"closed","ping_status":"closed","template":"","meta":{"footnotes":""},"class_list":["post-111","page","type-page","status-publish","hentry"],"_links":{"self":[{"href":"https:\/\/coreed.ch\/index.php\/wp-json\/wp\/v2\/pages\/111","targetHints":{"allow":["GET"]}}],"collection":[{"href":"https:\/\/coreed.ch\/index.php\/wp-json\/wp\/v2\/pages"}],"about":[{"href":"https:\/\/coreed.ch\/index.php\/wp-json\/wp\/v2\/types\/page"}],"author":[{"embeddable":true,"href":"https:\/\/coreed.ch\/index.php\/wp-json\/wp\/v2\/users\/1"}],"replies":[{"embeddable":true,"href":"https:\/\/coreed.ch\/index.php\/wp-json\/wp\/v2\/comments?post=111"}],"version-history":[{"count":1,"href":"https:\/\/coreed.ch\/index.php\/wp-json\/wp\/v2\/pages\/111\/revisions"}],"predecessor-version":[{"id":1571,"href":"https:\/\/coreed.ch\/index.php\/wp-json\/wp\/v2\/pages\/111\/revisions\/1571"}],"wp:attachment":[{"href":"https:\/\/coreed.ch\/index.php\/wp-json\/wp\/v2\/media?parent=111"}],"curies":[{"name":"wp","href":"https:\/\/api.w.org\/{rel}","templated":true}]}}

<p class="has-text-align-center has-large-font-size"><strong>Wie alles angefangen hat</strong></p>



<div class="wp-block-columns is-layout-flex wp-container-core-columns-is-layout-28f84493 wp-block-columns-is-layout-flex">
<div class="wp-block-column is-vertically-aligned-center is-layout-flow wp-block-column-is-layout-flow" style="flex-basis:80%">
<p class="has-small-font-size">Joseph Ravela, der Gründer von COREED, weiss, was Diskriminierung ist: Er wurde als Dalit geboren. Er hat aber auch erlebt, dass gute Schulbildung einen Ausweg aus der Unterdrückung eröffnet. Er konnte eine christliche Missionsschule besuchen und studierte danach Theologie. Er wurde Baptistenpastor und Theologieprofessor am renommierten ökumenischen Andhra Christian Theological College ACTC in Hyderabad.</p>
</div>



<div class="wp-block-column is-vertically-aligned-center is-layout-flow wp-block-column-is-layout-flow" style="flex-basis:20%">
<figure class="wp-block-image aligncenter size-full"><img loading="lazy" decoding="async" width="140" height="160" src="https://coreed.ch/wp-content/uploads/2023/07/ravela.png" alt="" class="wp-image-1353"/></figure>
</div>
</div>



<p>1987 gründete er das Hilfswerk COREED, um Dalit-Kindern, wie er eines war, eine Chance zu geben. Das fing bei besserer Schulbildung der Kinder an und führte später zu umfassender Entwicklungsarbeit. 1989 wurde COREED ein eingetragener Verein – ein Meilenstein für die weitere Entwicklung des Hilfswerks, denn so bekam es eine rechtliche Form mit Statuten, einem Vorstand, einer Generalversammlung. Und mit einem Bankkonto, das Zahlungen aus dem Ausland entgegennehmen durfte.</p>



<p>Am 12. April 2024 ist Rev. Dr. Joseph Ravela im Alter von 93 Jahren gestorben. Er hinterlässt ein Werk das Tausenden von Kindern eine bessere Zukunft ermöglicht hat.</p>



<div class="wp-block-columns is-layout-flex wp-container-core-columns-is-layout-28f84493 wp-block-columns-is-layout-flex">
<div class="wp-block-column is-layout-flow wp-block-column-is-layout-flow" style="flex-basis:80%">
<p>Längst hat Josephs Sohn, Rev. Jaya Paul,  mit seiner Frau Rosy Viola Gandham, die Leitung von COREED übernommen. Ziel war und ist es, in den abgelegenen Dörfern der&nbsp;<a href="https://de.wikipedia.org/wiki/Dalit" data-type="URL" data-id="https://de.wikipedia.org/wiki/Dalit">Dalit</a>&nbsp;und <a href="https://de.wikipedia.org/wiki/Adivasi" data-type="URL" data-id="https://de.wikipedia.org/wiki/Adivasi">Adivasi</a> gerechtere soziale Strukturen aufzubauen. Über 150 Dörfer in <a href="https://coreed.ch/index.php/einsatzgebiet" data-type="URL" data-id="https://coreed.ch/index.php/einsatzgebiet">Andhra Pradesh</a> haben über kürzere oder längere Zeit von den Programmen von COREED profitiert. Nach wie vor fördern die angestellten und freiwilligen COREED-Mitarbeitenden Kinder und Erwachsene. Tausende haben so vom absoluten Nullpunkt aus ihren Weg gemacht und einen Platz in der Gesellschaft gefunden. Dalit (Kastenlose) und Adivasi (indische Ureinwohner) bilden die unterste Schicht – ca. 14 Prozent – der indischen Bevölkerung. Vgl.&nbsp;<a href="https://coreed.ch/index.php/Kastenwesen" data-type="URL" data-id="https://coreed.ch/index.php/Kastenwesen">Kastenwesen</a>.</p>
</div>



<div class="wp-block-column is-layout-flow wp-block-column-is-layout-flow" style="flex-basis:50%">
<figure class="wp-block-image aligncenter size-full"><img loading="lazy" decoding="async" width="200" height="192" src="https://coreed.ch/wp-content/uploads/2023/07/grunder.png" alt="" class="wp-image-1354"/></figure>
</div>
</div>



<p><a href="https://coreed.ch/index.php" data-type="URL" data-id="https://coreed.ch/index.php"><strong>Zurück</strong></a></p>

<p>Wie alles angefangen hat Joseph Ravela, der Gründer von COREED, weiss, was Diskriminierung ist: Er wurde als Dalit geboren. Er hat aber auch erlebt, dass gute Schulbildung einen Ausweg aus der Unterdrückung eröffnet. Er konnte eine christliche Missionsschule besuchen und studierte danach Theologie. Er wurde Baptistenpastor und Theologieprofessor am renommierten ökumenischen Andhra Christian Theological College [&hellip;]</p>
